3781
What are the prime factors of 219660844?
2, 13, 4224247
List the prime factors of 1866059085.
3, 5, 11, 29, 389981
List the prime factors of 118317721.
137, 863633
List the prime factors of 104732027.
47, 2228341
What are the prime factors of 42757713?
3, 23, 59, 389
List the prime factors of 159811843.
23, 37, 187793
List the prime factors of 44794180.
2, 5, 2239709
List the prime factors of 2116982981.
39719, 53299
What are the prime factors of 1480749233?
71, 20855623
What are the prime factors of 40264899?
3, 43, 457, 683
List the prime factors of 47263565.
5, 421, 22453
List the prime factors of 53294512.
2, 3330907
What are the prime factors of 3152596533?
3, 107, 9821173
What are the prime factors of 1543979952?
2, 3, 29, 331, 1117
What are the prime factors of 870878987?
11, 53, 135799
List the prime factors of 33827904.
2, 3, 11, 19, 281
What are the prime factors of 572436119?
572436119
List the prime factors of 4287843551.
4287843551
What are the prime factors of 64111446?
2, 3, 7, 169607
List the prime factors of 250315867.
250315867
List the prime factors of 804018394.
2, 402009197
List the prime factors of 515216535.
3, 5, 17, 2020457
What are the prime factors of 32231143?
7, 47, 97967
What are the prime factors of 92760446?
2, 46380223
What are the prime factors of 143896609?
143896609
List the prime factors of 74438273.
7, 13, 29, 67, 421
What are the prime factors of 239106232?
2, 59, 587, 863
List the prime factors of 197843914.
2, 71, 193, 7219
List the prime factors of 7154780570.
2, 5, 7, 14601593
List the prime factors of 521811015.
3, 5, 11, 97, 32603
List the prime factors of 16973549.
41, 173, 2393
List the prime factors of 238984402.
2, 17, 89, 78977
List the prime factors of 1509713385.
3, 5, 677, 148667
List the prime factors of 44975439.
3, 1665757
What are the prime factors of 38213888?
2, 113, 1321
What are the prime factors of 1143258486?
2, 3, 31, 37, 271, 613
List the prime factors of 1093844326.
2, 19, 3881, 7417
What are the prime factors of 1806279011?
257, 7028323
What are the prime factors of 8736056254?
2, 17, 256942831
What are the prime factors of 285152?
2, 7, 19, 67
What are the prime factors of 189513057?
3, 29, 331, 6581
What are the prime factors of 401236327?
401236327
What are the prime factors of 307871464?
2, 2081, 18493
What are the prime factors of 454919602?
2, 227459801
What are the prime factors of 648270901?
29, 269, 83101
What are the prime factors of 169342334?
2, 7, 73, 23671
What are the prime factors of 4619546612?
2, 17, 67934509
What are the prime factors of 736831391?
17, 29, 733, 2039
List the prime factors of 45553374.
2, 3, 19, 29, 1531
What are the prime factors of 46723799?
46723799
What are the prime factors of 1249933493?
61, 20490713
What are the prime factors of 558573481?
558573481
What are the prime factors of 9269720?
2, 5, 19, 12197
What are the prime factors of 17654268?
2, 3, 19, 77431
What are the prime factors of 1174988602?
2, 15607, 37643
List the prime factors of 2755470648.
2, 3, 7, 113, 173, 839
List the prime factors of 686982067.
686982067
What are the prime factors of 1944366329?
41, 103, 313, 1471
List the prime factors of 1516686133.
509, 2979737
What are the prime factors of 17247019?
41, 317, 1327
List the prime factors of 245147879.
421, 582299
What are the prime factors of 6896625?
3, 5, 53, 347
List the prime factors of 1993446885.
3, 5, 151, 880109
What are the prime factors of 1701684250?
2, 5, 7, 53, 2621
What are the prime factors of 459719202?
2, 3, 17, 4507051
What are the prime factors of 1714364839?
11, 563, 276823
What are the prime factors of 511310833?
11, 46482803
List the prime factors of 800322052.
2, 3671, 54503
List the prime factors of 115876996.
2, 47, 616367
What are the prime factors of 1380074393?
1380074393
List the prime factors of 603874365.
3, 5, 40258291
What are the prime factors of 51286309?
4129, 12421
What are the prime factors of 317601816?
2, 3, 7, 1890487
What are the prime factors of 2929739079?
3, 13103, 74531
What are the prime factors of 294937121?
563, 523867
List the prime factors of 218055472.
2, 13628467
List the prime factors of 72886299.
3, 19, 59, 21673
List the prime factors of 3768033992.
2, 47, 73, 137279
List the prime factors of 3151225393.
83, 5437, 6983
What are the prime factors of 134698502?
2, 71, 948581
What are the prime factors of 5256846288?
2, 3, 61, 598457
What are the prime factors of 274957254?
2, 3, 11, 13, 83
What are the prime factors of 713889975?
3, 5, 9518533
List the prime factors of 35774320.
2, 5, 447179
List the prime factors of 1194418117.
809, 1476413
What are the prime factors of 64693964?
2, 16173491
What are the prime factors of 1130382434?
2, 571, 989827
What are the prime factors of 2519443024?
2, 7, 22495027
What are the prime factors of 1518063?
3, 29, 17449
List the prime factors of 43858524.
2, 3, 1259, 2903
What are the prime factors of 1821020514?
2, 3, 303503419
What are the prime factors of 300066476?
2, 211, 355529
What are the prime factors of 99096280?
2, 5, 2477407
What are the prime factors of 2778658333?
11, 252605303
List the prime factors of 58105573.
58105573
What are the prime factors of 1531212677?
1531212677
List the prime factors of 6209095292.
2, 1552273823
List the prime factors of 113447135.
5, 31, 241, 3037
What are the prime factors of 275046236?
2, 23, 2989633
What are the prime factors of 5684608059?
3, 13, 145759181
What are the prime factors of 3267443700?
2, 3, 5, 151, 24043
List the prime factors of 497116375.
5, 7, 568133
List the prime factors of 101884341.
3, 13, 2612419
List the prime factors of 2568777856.
2, 47, 67, 6373
List the prime factors of 18054256.
2, 11, 19, 5399
What are the prime factors of 35278382?
2, 739, 23869
What are the prime factors of 2296876872?
2, 3, 113, 846931
List the prime factors of 19295972.
2, 547, 8819
List the prime factors of 1071281046.
2, 3, 11, 41, 395891
What are the prime factors of 29335787?
13, 23, 41, 2393
What are the prime factors of 123895774?
2, 1901, 32587
What are the prime factors of 2674089730?
2, 5, 13, 307, 67003
What are the prime factors of 55718406?
2, 3, 47, 67, 983
List the prime factors of 1449013.
1449013
List the prime factors of 1092421471.
3041, 359231
What are the prime factors of 81322275?
3, 5, 1084297
List the prime factors of 162409676.
2, 11, 13, 21841
What are the prime factors of 214773836?
2, 2239, 23981
What are the prime factors of 39553208?
2, 2179, 2269
What are the prime factors of 160298340?
2, 3, 5, 173, 15443
What are the prime factors of 54193244?
2, 7, 19, 23, 43, 103
What are the prime factors of 4944486?
2, 3, 824081
List the prime factors of 2135538066.
2, 3, 359, 991429
What are the prime factors of 1886539199?
1886539199
What are the prime factors of 15070353?
3, 1361, 3691
What are the prime factors of 112591827?
3, 79, 158357
List the prime factors of 18755789.
13, 8537
List the prime factors of 959586264.
2, 3, 7, 13, 16273
What are the prime factors of 125892448?
2, 11, 357649
List the prime factors of 1244709150.
2, 3, 5, 109, 76129
List the prime factors of 758522549.
1999, 379451
List the prime factors of 1846708149.
3, 11, 13, 1831, 2351
List the prime factors of 379846193.
31, 229, 53507
List the prime factors of 36139243.
7, 5162749
What are the prime factors of 142427663?
7, 617, 673
What are the prime factors of 279869417?
5261, 53197
What are the prime factors of 9020998?
2, 7, 92051
List the prime factors of 1763845268.
2, 17, 263, 98627
What are the prime factors of 91791595?
5, 7, 113, 23209
List the prime factors of 169368106.
2, 84684053
List the prime factors of 106273625.
5, 850189
List the prime factors of 406903790.
2, 5, 53, 271, 2833
What are the prime factors of 496408164?
2, 3, 7, 5909621
What are the prime factors of 296622187?
479, 619253
What are the prime factors of 2986315385?
5, 43, 59, 397, 593
List the prime factors of 1564062003.
3, 7, 31, 67, 11953
List the prime factors of 354965075.
5, 29, 16883
List the prime factors of 631827542.
2, 17, 97, 191579
List the prime factors of 197881404.
2, 3, 7, 336533
List the prime factors of 113843852.
2, 1249, 22787
What are the prime factors of 26454998?
2, 13227499